{"id":127,"date":"2020-09-15T07:18:55","date_gmt":"2020-09-15T07:18:55","guid":{"rendered":"http:\/\/www.djaaccounting.dk\/index.php\/cookie-policy-eu\/"},"modified":"2026-03-10T20:22:03","modified_gmt":"2026-03-10T20:22:03","slug":"cookie-policy-eu","status":"publish","type":"page","link":"https:\/\/www.djaaccounting.dk\/index.php\/cookie-policy-eu\/","title":{"rendered":"Cookie- og privatlivspolitik"},"content":{"rendered":"\n<p><strong><u>Cookiepolitik<\/u><\/strong><br>Hjemmesiden anvender kun de n\u00f8dvendige cookies. N\u00f8dvendige cookies hj\u00e6lper med at g\u00f8re hjemmesiden brugbar ved at aktivere grundl\u00e6ggende funktioner. Hjemmesiden kan ikke fungere ordentligt uden disse cookies.<\/p>\n\n\n\n<div style=\"height:15px\" aria-hidden=\"true\" class=\"wp-block-spacer\"><\/div>\n\n\n\n<p>DJA Accounting gemmer ingen cookies eller personlige oplysninger i forbindelse med dit bes\u00f8g p\u00e5 denne hjemmeside eller i forbindelse med anvendelse af kontaktformular. Du kan til enhver tid slette cookies fra din computer, hvordan afh\u00e6nger af din browser.<\/p>\n\n\n\n<div style=\"height:35px\" aria-hidden=\"true\" class=\"wp-block-spacer\"><\/div>\n\n\n\n<p><strong><u>Privatlivspolitik<\/u><\/strong><\/p>\n\n\n\n<p>For at kunne levere de aftalte ydelser er der vigtige personoplysninger, revisor har behov for at behandle. Uden disse oplysninger vil revisor ikke kunne levere de aftalte ydelser.<\/p>\n\n\n\n<div style=\"height:15px\" aria-hidden=\"true\" class=\"wp-block-spacer\"><\/div>\n\n\n\n<p>Revisor behandler personoplysninger, som kunden eller en anden part, har udleveret til revisor i forbindelse med kundens samarbejdsaftale med revisor. Disse personoplysninger behandler revisor for at kunne leve op til revisors kontraktlige forpligtelser overfor kunden samt revisors forpligtelser i forbindelse med lovgivning, der er g\u00e6ldende for revisors arbejdsomr\u00e5de (form\u00e5l).<\/p>\n\n\n\n<div style=\"height:15px\" aria-hidden=\"true\" class=\"wp-block-spacer\"><\/div>\n\n\n\n<p>Typisk drejer det sig om disse personoplysninger:<\/p>\n\n\n\n<div style=\"height:15px\" aria-hidden=\"true\" class=\"wp-block-spacer\"><\/div>\n\n\n\n<ul class=\"wp-block-list\">\n<li>Navn, adresse, telefon, e-mail<\/li>\n<\/ul>\n\n\n\n<ul class=\"wp-block-list\">\n<li>CPR nummer p\u00e5 kunden og kundens medarbejdere<\/li>\n<\/ul>\n\n\n\n<ul class=\"wp-block-list\">\n<li>Kundens virksomheds \u00f8konomi<\/li>\n<\/ul>\n\n\n\n<ul class=\"wp-block-list\">\n<li>Kundens personlige \u00f8konomi<\/li>\n<\/ul>\n\n\n\n<ul class=\"wp-block-list\">\n<li>Kundens l\u00f8n<\/li>\n<\/ul>\n\n\n\n<ul class=\"wp-block-list\">\n<li>Kundens medarbejderes l\u00f8n<\/li>\n<\/ul>\n\n\n\n<ul class=\"wp-block-list\">\n<li>Kundens skatteforhold<\/li>\n<\/ul>\n\n\n\n<div style=\"height:15px\" aria-hidden=\"true\" class=\"wp-block-spacer\"><\/div>\n\n\n\n<p>For at v\u00e6re leverand\u00f8r eller samarbejdspartner er det n\u00f8dvendigt, at revisor indsamler kontaktoplysninger og betalingsoplysninger.<\/p>\n\n\n\n<div style=\"height:15px\" aria-hidden=\"true\" class=\"wp-block-spacer\"><\/div>\n\n\n\n<p>Ved uopfordret henvendelse via e-mail, s\u00e5som uopfordret ans\u00f8gning, gemmes mailkorrespondance i maksimalt 6 m\u00e5neder.<\/p>\n\n\n\n<div style=\"height:15px\" aria-hidden=\"true\" class=\"wp-block-spacer\"><\/div>\n\n\n\n<p>Revisor benytter en r\u00e6kke underdatabehandlere til opbevaring og behandling af personoplysninger, herunder leverand\u00f8rer af it-l\u00f8sninger mv. Underdatabehandlerne behandler udelukkende personoplysninger p\u00e5 revisors vegne og efter revisors instruks. Revisor overlader derfor kun personoplysninger til databehandlere, n\u00e5r revisor har sikret, at der er indg\u00e5et en skriftlig databehandleraftale med dem.<\/p>\n\n\n\n<div style=\"height:35px\" aria-hidden=\"true\" class=\"wp-block-spacer\"><\/div>\n\n\n\n<p><a><\/a><strong><u>Tidsfrister for sletning\/opbevaring<br><\/u><\/strong>Revisor str\u00e6ber efter at slette (eller anonymisere) personoplysninger, s\u00e5 snart de ikke har nogen relevans. Dog opbevarer revisor alle personoplysninger og en del regnskabsoplysninger m.m. s\u00e5 l\u00e6nge kunde-\/leverand\u00f8rforholdet best\u00e5r og minimum l\u00f8bende \u00e5r plus fem \u00e5r efter kunde-\/leverand\u00f8rforholdet er oph\u00f8rt, af hensyn til bogf\u00f8ringsloven.<\/p>\n\n\n\n<div style=\"height:15px\" aria-hidden=\"true\" class=\"wp-block-spacer\"><\/div>\n\n\n\n<p>Uopfordrede henvendelser, der ikke resulterer i kunde-, leverand\u00f8r- eller ans\u00e6ttelsesforhold &nbsp;gemmes i maksimalt 6 m\u00e5neder.<\/p>\n\n\n\n<div style=\"height:35px\" aria-hidden=\"true\" class=\"wp-block-spacer\"><\/div>\n\n\n\n<p><strong><u>Rettigheder efter persondataforordningen<\/u><\/strong><br>I forbindelse med revisors behandling af kundens eller leverand\u00f8rens personoplysninger har kunden eller leverand\u00f8ren adskillige rettigheder:<\/p>\n\n\n\n<div style=\"height:15px\" aria-hidden=\"true\" class=\"wp-block-spacer\"><\/div>\n\n\n\n<ul class=\"wp-block-list\">\n<li>Retten til at modtage oplysning om hvordan revisor behandler personoplysninger (oplysningspligt).<br><\/li>\n\n\n\n<li>Retten til at f\u00e5 indsigt i personoplysninger.<br><\/li>\n\n\n\n<li>Retten til at f\u00e5 urigtige personoplysninger rettet.<br><\/li>\n\n\n\n<li>Retten til at f\u00e5 personoplysninger slettet.<br><\/li>\n\n\n\n<li>Retten til at g\u00f8re indsigelse mod at personoplysninger anvendes til direkte markedsf\u00f8ring.<br><\/li>\n\n\n\n<li>Retten til at g\u00f8re indsigelse mod automatiske, individuelle afg\u00f8relser, herunder profilering.<br><\/li>\n\n\n\n<li>Retten til at flytte personoplysninger (dataportabilitet).<\/li>\n<\/ul>\n\n\n\n<div style=\"height:15px\" aria-hidden=\"true\" class=\"wp-block-spacer\"><\/div>\n\n\n\n<p>Alle ovenst\u00e5ende rettigheder h\u00e5ndteres manuelt ved henvendelse til revisor.<\/p>\n\n\n\n<div style=\"height:15px\" aria-hidden=\"true\" class=\"wp-block-spacer\"><\/div>\n\n\n\n<p>Revisor kan afvise anmodninger, der er urimeligt gentagende, kr\u00e6ver uforholdsm\u00e6ssig meget teknisk indgriben, p\u00e5virker beskyttelsen af andres personlige oplysninger, eller noget som vil v\u00e6re ekstremt upraktisk (f.eks. anmodninger om oplysninger der findes som sikkerhedskopier).<\/p>\n\n\n\n<div style=\"height:15px\" aria-hidden=\"true\" class=\"wp-block-spacer\"><\/div>\n\n\n\n<p>Kunden eller leverand\u00f8ren har til hver en tid retten til at klage til Datatilsynet (<a href=\"http:\/\/www.datatilsynet.dk\/borger\/klage-til-datatilsynet\">www.datatilsynet.dk\/borger\/klage-til-datatilsynet<\/a>)<\/p>\n\n\n\n<div style=\"height:35px\" aria-hidden=\"true\" class=\"wp-block-spacer\"><\/div>\n\n\n\n<p><strong><u>Oplysninger, som revisor videregiver<\/u><\/strong><br>Revisor videregiver ikke personlige oplysninger til virksomheder, organisationer og enkeltpersoner.<br>Undtagelsen er i disse tilf\u00e6lde:<\/p>\n\n\n\n<div style=\"height:15px\" aria-hidden=\"true\" class=\"wp-block-spacer\"><\/div>\n\n\n\n<ul class=\"wp-block-list\">\n<li>Med kundens samtykke\n<ul class=\"wp-block-list\">\n<li>Revisor videregiver personlige oplysninger til virksomheder, organisationer eller enkeltpersoner uden for vores virksomhed, hvis vi har dit samtykke. Revisor kr\u00e6ver aktivt tilvalg af videregivelse af alle personoplysninger.<br><\/li>\n<\/ul>\n<\/li>\n<\/ul>\n\n\n\n<div style=\"height:15px\" aria-hidden=\"true\" class=\"wp-block-spacer\"><\/div>\n\n\n\n<ul class=\"wp-block-list\">\n<li>Til ekstern databehandling\n<ul class=\"wp-block-list\">\n<li>Revisor videregiver personlige oplysninger til samarbejdspartnere eller andre betroede virksomheder eller personer, der behandler dem for revisor. Deres behandling er baseret p\u00e5 revisors instrukser og i overensstemmelse med g\u00e6ldende tiltag til fortrolighed og sikkerhed, eksempelvis revisors databehandleraftale.<br><\/li>\n<\/ul>\n<\/li>\n<\/ul>\n\n\n\n<div style=\"height:15px\" aria-hidden=\"true\" class=\"wp-block-spacer\"><\/div>\n\n\n\n<ul class=\"wp-block-list\">\n<li>Af juridiske \u00e5rsager<br>\n<ul class=\"wp-block-list\">\n<li>Revisor videregiver personlige oplysninger til virksomheder, organisationer eller enkeltpersoner uden for revisors virksomhed, hvis revisor i god tro mener, at adgang, brug, bevarelse eller offentligg\u00f8relse af oplysningerne er n\u00f8dvendig for at:\n<ul class=\"wp-block-list\">\n<li>Overholde kontraktlige forpligtelser<\/li>\n\n\n\n<li>Overholde g\u00e6ldende love, bestemmelser, sagsanl\u00e6g eller retsgyldige anmodninger fra offentlige myndigheder.<\/li>\n\n\n\n<li>Registrere, forhindre eller p\u00e5 anden m\u00e5de beskytte mod problemer med bedrageri, sikkerhed eller tekniske problemer.<\/li>\n\n\n\n<li>Holde revisors virksomhed fri fra skade, revisors virksomheds eller offentlighedens rettigheder, ejendom eller sikkerhed, s\u00e5dan som det kr\u00e6ves eller tillades i henhold til lovgivningen.<\/li>\n<\/ul>\n<\/li>\n<\/ul>\n<\/li>\n<\/ul>\n\n\n\n<div style=\"height:35px\" aria-hidden=\"true\" class=\"wp-block-spacer\"><\/div>\n\n\n\n<p><strong><u>Informationssikkerhed<br><\/u><\/strong>Revisor har implementeret passende tekniske og organisatoriske tiltag for at beskytte personoplysninger, som revisor lagrer mod uautoriseret adgang, \u00e6ndring, offentligg\u00f8relse eller \u00f8del\u00e6ggelse af eller i \u00f8vrigt behandles i strid med den til enhver tid g\u00e6ldende lovgivning.<\/p>\n\n\n\n<p><\/p>\n","protected":false},"excerpt":{"rendered":"<p>CookiepolitikHjemmesiden anvender kun de n\u00f8dvendige cookies. N\u00f8dvendige cookies hj\u00e6lper med at g\u00f8re hjemmesiden brugbar ved at aktivere grundl\u00e6ggende funktioner. Hjemmesiden kan ikke fungere ordentligt uden disse cookies. DJA Accounting gemmer ingen cookies eller personlige oplysninger i forbindelse med dit bes\u00f8g p\u00e5 denne hjemmeside eller i forbindelse med anvendelse af kontaktformular. Du kan til enhver tid [&hellip;]<\/p>\n","protected":false},"author":1,"featured_media":0,"parent":0,"menu_order":0,"comment_status":"closed","ping_status":"closed","template":"templates\/template_page-full-width.php","meta":{"footnotes":""},"class_list":["post-127","page","type-page","status-publish","hentry"],"_links":{"self":[{"href":"https:\/\/www.djaaccounting.dk\/index.php\/wp-json\/wp\/v2\/pages\/127","targetHints":{"allow":["GET"]}}],"collection":[{"href":"https:\/\/www.djaaccounting.dk\/index.php\/wp-json\/wp\/v2\/pages"}],"about":[{"href":"https:\/\/www.djaaccounting.dk\/index.php\/wp-json\/wp\/v2\/types\/page"}],"author":[{"embeddable":true,"href":"https:\/\/www.djaaccounting.dk\/index.php\/wp-json\/wp\/v2\/users\/1"}],"replies":[{"embeddable":true,"href":"https:\/\/www.djaaccounting.dk\/index.php\/wp-json\/wp\/v2\/comments?post=127"}],"version-history":[{"count":37,"href":"https:\/\/www.djaaccounting.dk\/index.php\/wp-json\/wp\/v2\/pages\/127\/revisions"}],"predecessor-version":[{"id":485,"href":"https:\/\/www.djaaccounting.dk\/index.php\/wp-json\/wp\/v2\/pages\/127\/revisions\/485"}],"wp:attachment":[{"href":"https:\/\/www.djaaccounting.dk\/index.php\/wp-json\/wp\/v2\/media?parent=127"}],"curies":[{"name":"wp","href":"https:\/\/api.w.org\/{rel}","templated":true}]}}