{"id":51,"date":"2020-09-14T15:36:22","date_gmt":"2020-09-14T15:36:22","guid":{"rendered":"http:\/\/www.djaaccounting.dk\/?page_id=51"},"modified":"2021-07-02T14:38:19","modified_gmt":"2021-07-02T14:38:19","slug":"erhvervsservice","status":"publish","type":"page","link":"https:\/\/www.djaaccounting.dk\/index.php\/erhvervsservice\/","title":{"rendered":"Erhvervsservice &#038; Iv\u00e6rks\u00e6tterhj\u00e6lp"},"content":{"rendered":"\n<h2 class=\"wp-block-heading\">Erhvervsservice<\/h2>\n\n\n\n<div style=\"height:39px\" aria-hidden=\"true\" class=\"wp-block-spacer\"><\/div>\n\n\n\n<h2 class=\"has-luminous-vivid-orange-color has-text-color has-medium-font-size wp-block-heading\">Har du travlt i din virksomhed med din kerneydelse og det du virkelig br\u00e6nder for?<\/h2>\n\n\n\n<div style=\"height:32px\" aria-hidden=\"true\" class=\"wp-block-spacer\"><\/div>\n\n\n\n<p>Jeg tilbyder at varetage den administrative del i din virksomhed for dig, s\u00e5 du kan fokusere p\u00e5 det, du synes er sjovt. Min erhvervsservice kan omfatte netop det, der er behov for hos dig, herunder fx.:<\/p>\n\n\n\n<div style=\"height:63px\" aria-hidden=\"true\" class=\"wp-block-spacer\"><\/div>\n\n\n\n<div class=\"wp-block-media-text alignwide has-media-on-the-right is-stacked-on-mobile is-image-fill\"><figure class=\"wp-block-media-text__media\" style=\"background-image:url(https:\/\/www.djaaccounting.dk\/wp-content\/uploads\/2021\/06\/DSC09768-Edit-732x1024.jpg);background-position:55.00000000000001% 34%\"><img loading=\"lazy\" decoding=\"async\" width=\"732\" height=\"1024\" src=\"https:\/\/www.djaaccounting.dk\/wp-content\/uploads\/2021\/06\/DSC09768-Edit-732x1024.jpg\" alt=\"\" class=\"wp-image-308\" srcset=\"https:\/\/www.djaaccounting.dk\/wp-content\/uploads\/2021\/06\/DSC09768-Edit-732x1024.jpg 732w, https:\/\/www.djaaccounting.dk\/wp-content\/uploads\/2021\/06\/DSC09768-Edit-214x300.jpg 214w, https:\/\/www.djaaccounting.dk\/wp-content\/uploads\/2021\/06\/DSC09768-Edit-768x1075.jpg 768w, https:\/\/www.djaaccounting.dk\/wp-content\/uploads\/2021\/06\/DSC09768-Edit-1097x1536.jpg 1097w, https:\/\/www.djaaccounting.dk\/wp-content\/uploads\/2021\/06\/DSC09768-Edit-1463x2048.jpg 1463w, https:\/\/www.djaaccounting.dk\/wp-content\/uploads\/2021\/06\/DSC09768-Edit-scaled.jpg 1829w\" sizes=\"auto, (max-width: 732px) 100vw, 732px\" \/><\/figure><div class=\"wp-block-media-text__content\">\n<p class=\"has-medium-font-size\">Fakturering<\/p>\n\n\n\n<p class=\"has-medium-font-size\">Betalinger i banken<\/p>\n\n\n\n<p class=\"has-medium-font-size\">Opf\u00f8lgning p\u00e5 tilgodehavender<\/p>\n\n\n\n<p class=\"has-medium-font-size\">L\u00f8nadministration<\/p>\n<\/div><\/div>\n\n\n\n<p><\/p>\n\n\n\n<div style=\"height:32px\" aria-hidden=\"true\" class=\"wp-block-spacer\"><\/div>\n\n\n\n<p>I mange virksomheder h\u00e6nger det administrative meget sammen med bogholderiet og der kan derfor spares tid, hvis arbejdsgangene l\u00e6gges sammen. Hvis du v\u00e6lger at benytte min erhvervsservice til det administrative samtidig med, at jeg varetager dit bogholderi, vil du opn\u00e5 en fordel rent prism\u00e6ssigt. <\/p>\n\n\n\n<div style=\"height:40px\" aria-hidden=\"true\" class=\"wp-block-spacer\"><\/div>\n\n\n\n<p>Min strukturerede tilgang sikrer, at der vil v\u00e6re styr p\u00e5 administrationen, uanset om du v\u00e6lger udelukkende at g\u00f8re brug af erhvervsservice, eller om du v\u00e6lger at kombinere det med bogholderi og regnskab.<\/p>\n\n\n\n<div style=\"height:36px\" aria-hidden=\"true\" class=\"wp-block-spacer\"><\/div>\n\n\n\n<h2 class=\"wp-block-heading\">Iv\u00e6rks\u00e6tterhj\u00e6lp<\/h2>\n\n\n\n<div style=\"height:36px\" aria-hidden=\"true\" class=\"wp-block-spacer\"><\/div>\n\n\n\n<p>Hvis du g\u00e5r med overvejelser omkring at starte egen virksomhed, tilbyder jeg vejledning omkring hele processen, herunder vedr\u00f8rende virksomhedsformer, offentlige registreringer og de forpligtelser mv., der f\u00f8lger med. <\/p>\n\n\n\n<div style=\"height:25px\" aria-hidden=\"true\" class=\"wp-block-spacer\"><\/div>\n\n\n\n<blockquote class=\"wp-block-quote is-layout-flow wp-block-quote-is-layout-flow\"><p>Hvis du g\u00f8r brug af min iv\u00e6rks\u00e6tterhj\u00e6lp, sikrer jeg dig, at du kommer godt i gang med alt det administrative og f\u00e5r adgang til din virksomheds offentlige portaler, herunder SKAT og den digitale postkasse.<\/p><\/blockquote>\n\n\n\n<div style=\"height:43px\" aria-hidden=\"true\" class=\"wp-block-spacer\"><\/div>\n\n\n\n<p><a href=\"https:\/\/www.djaaccounting.dk\/index.php\/kontakt\/\">Kontakt mig<\/a> for en uformel snak om din virksomheds behov og muligheder.<\/p>\n","protected":false},"excerpt":{"rendered":"<p>Erhvervsservice Har du travlt i din virksomhed med din kerneydelse og det du virkelig br\u00e6nder for? Jeg tilbyder at varetage den administrative del i din virksomhed for dig, s\u00e5 du kan fokusere p\u00e5 det, du synes er sjovt. Min erhvervsservice kan omfatte netop det, der er behov for hos dig, herunder fx.: Fakturering Betalinger i [&hellip;]<\/p>\n","protected":false},"author":1,"featured_media":0,"parent":0,"menu_order":0,"comment_status":"closed","ping_status":"closed","template":"templates\/template_page-full-width.php","meta":{"footnotes":""},"class_list":["post-51","page","type-page","status-publish","hentry"],"_links":{"self":[{"href":"https:\/\/www.djaaccounting.dk\/index.php\/wp-json\/wp\/v2\/pages\/51","targetHints":{"allow":["GET"]}}],"collection":[{"href":"https:\/\/www.djaaccounting.dk\/index.php\/wp-json\/wp\/v2\/pages"}],"about":[{"href":"https:\/\/www.djaaccounting.dk\/index.php\/wp-json\/wp\/v2\/types\/page"}],"author":[{"embeddable":true,"href":"https:\/\/www.djaaccounting.dk\/index.php\/wp-json\/wp\/v2\/users\/1"}],"replies":[{"embeddable":true,"href":"https:\/\/www.djaaccounting.dk\/index.php\/wp-json\/wp\/v2\/comments?post=51"}],"version-history":[{"count":19,"href":"https:\/\/www.djaaccounting.dk\/index.php\/wp-json\/wp\/v2\/pages\/51\/revisions"}],"predecessor-version":[{"id":358,"href":"https:\/\/www.djaaccounting.dk\/index.php\/wp-json\/wp\/v2\/pages\/51\/revisions\/358"}],"wp:attachment":[{"href":"https:\/\/www.djaaccounting.dk\/index.php\/wp-json\/wp\/v2\/media?parent=51"}],"curies":[{"name":"wp","href":"https:\/\/api.w.org\/{rel}","templated":true}]}}